 is c211 - -39?
c24a
In base 16, what is 53 + e6e?
ec1
In base 12, what is 115 - -107?
220
In base 4, what is 11 + -2113023202?
-2113023131
In base 2, what is 100010011010100000 - 0?
100010011010100000
In base 15, what is -1 - -2ed3?
2ed2
In base 14, what is 51 - 164d?
-15dc
In base 7, what is 20104 + 101?
20205
In base 5, what is -3411 - 131?
-4042
In base 16, what is -1fed - 3b?
-2028
In base 16, what is 49433 - 5?
4942e
In base 2, what is 10101101100 - 1010101?
10100010111
In base 14, what is -1d0d7 + 1?
-1d0d6
In base 5, what is -11 + 140144?
140133
In base 15, what is -45 + 160c?
15b7
In base 14, what is 4 + -150a2?
-1509c
In base 3, what is -1000020 - 10221?
-1011011
In base 10, what is -4 + -286088?
-286092
In base 12, what is a - -56a?
578
In base 8, what is 3 - -4165?
4170
In base 6, what is 22020 - -152?
22212
In base 10, what is 4 - -969152?
969156
In base 15, what is -13e5 + 13?
-13d2
In base 9, what is -5584040 + -3?
-5584043
In base 15, what is -13 + 119?
106
In base 16, what is -1 + 91afc?
91afb
In base 12, what is 0 - -34242?
34242
In base 5, what is -121 + -21214?
-21340
In base 8, what is 262 - -11552?
12034
In base 15, what is 0 - -6929?
6929
In base 8, what is -3003 + -23?
-3026
In base 10, what is 27162 - -1?
27163
In base 7, what is 22516 + 22?
22541
In base 8, what is 7 + 13477?
13506
In base 9, what is -1665 - -57?
-1607
In base 3, what is 11001101 + 101010?
11102111
In base 11, what is 35 - 3473?
-3439
In base 9, what is 504408 - -5?
504414
In base 16, what is -3ead + -1?
-3eae
In base 11, what is 5660 - 3?
5658
In base 15, what is -2 + -9ac?
-9ae
In base 14, what is -17 + 2dd4b?
2dd34
In base 12, what is 0 - 3521b?
-3521b
In base 14, what is -48 + 5b9a?
5b52
In base 6, what is 31 - 153501?
-153430
In base 13, what is -1316 + 46?
-12a0
In base 12, what is -21 - -29b?
27a
In base 11, what is 17 - -2304?
2320
In base 10, what is 308956 - 0?
308956
In base 4, what is -123221010 - -10?
-123221000
In base 12, what is 5a + -165bb?
-16561
In base 6, what is -141015 - -3?
-141012
In base 6, what is 511240 + 11?
511251
In base 7, what is 335 + 6440?
10105
In base 13, what is 1708b3 - -2?
1708b5
In base 13, what is 50 + -5164?
-5114
In base 9, what is 2336 + -457?
1768
In base 6, what is 50 - 14?
32
In base 13, what is 1c824 + -54?
1c7a0
In base 11, what is -333 - 25?
-358
In base 12, what is -419b + -3?
-41a2
In base 16, what is -254b13 - 5?
-254b18
In base 11, what is -5 + -23408?
-23412
In base 7, what is -3 - 11512033?
-11512036
In base 11, what is 0 - a7811?
-a7811
In base 16, what is -3 - -b7b5?
b7b2
In base 15, what is -1ad2e + 1?
-1ad2d
In base 10, what is 6 + -2421?
-2415
In base 3, what is 1 + -11111201?
-11111200
In base 16, what is -118dc + -5?
-118e1
In base 14, what is -7248 + 9?
-723d
In base 14, what is 2 + -49955?
-49953
In base 2, what is 110101 - 11110101?
-11000000
In base 12, what is -9 - 2b89?
-2b96
In base 8, what is -2265150 + -2?
-2265152
In base 5, what is -130403132 + -21?
-130403203
In base 13, what is -b0b + -12?
-b20
In base 8, what is -41 - 452?
-513
In base 12, what is 40 - 21855?
-21815
In base 8, what is 2577 - 6271?
-3472
In base 3, what is -10112 + 212220101?
212202212
In base 9, what is -115 + 165?
50
In base 5, what is 304 - 124?
130
In base 7, what is 3033061 + 0?
3033061
In base 11, what is 8 - 614a8?
-614a0
In base 14, what is 2191 + -20c?
1d83
In base 11, what is 56 - 1169?
-1113
In base 10, what is 675602 + -4?
675598
In base 10, what is -1346 - -4?
-1342
In base 11, what is 1 + 96045?
96046
In base 6, what is 4 - 53330?
-53322
In base 3, what is 12 - 110020010?
-110012221
In base 11, what is -2 - 136325?
-136327
In base 14, what is -2 + -6107?
-6109
In base 11, what is 25604 + 6?
2560a
In base 12, what is -115 - 2a0b?
-2b24
In base 11, what is -4 + -1051?
-1055
In base 14, what is -194d - d?
-195c
In base 7, what is 440 - 11653?
-11213
In base 5, what is 211412 - -1?
211413
In base 16, what is 277b + -4?
2777
In base 12, what is -4 - aa376?
-aa37a
In base 16, what is -289e - -2?
-289c
In base 12, what is -306 - 14?
-31a
In base 5, what is -2044 + -332?
-2431
In base 15, what is 2 + 17ba?
17bc
In base 4, what is -13303 + 133?
-13110
In base 14, what is -28 + -93?
-bb
In base 3, what is 112212 - 21011021?
-20121102
In base 10, what is -220 - -413?
193
In base 16, what is -2 - -22c5?
22c3
In base 5, what is 413210 - 23?
413132
In base 6, what is -3245 + 321?
-2524
In base 5, what is -1202 + 22001?
20244
In base 16, what is 28a + -1?
289
In base 3, what is 22 + -2110100221?
-2110100122
In base 13, what is 26b5b + 8?
26b66
In base 16, what is -61f6 + 2?
-61f4
In base 15, what is -962 + 31?
-931
In base 7, what is 136521 + -3?
136515
In base 8, what is 20373 - -52?
20445
In base 13, what is -2 + 52c4?
52c2
In base 14, what is -1a - -69c0?
69a4
In base 11, what is 444 + -54?
3a0
In base 16, what is -2 + -6808?
-680a
In base 11, what is -206 + 1308?
1102
In base 5, what is 3421001 - 1?
3421000
In base 10, what is 375416 - 5?
375411
In base 13, what is -185 + 42?
-143
In base 8, what is 325246 + -6?
325240
In base 8, what is -12 - 3144?
-3156
In base 16, what is 55b9 + 4?
55bd
In base 3, what is -202000 + -21?
-202021
In base 10, what is 37595 - -19?
37614
In base 8, what is -4365111 - 3?
-4365114
In base 8, what is 23 + 5530?
5553
In base 12, what is 41223 - 1?
41222
In base 13, what is 6b256 + -1?
6b255
In base 12, what is 77697b - 3?
776978
In base 5, what is 4 - 24001003?
-24000444
In base 3, what is -21 - -2200221200?
2200221102
In base 12, what is -10994 - 37?
-10a0b
In base 9, what is -3234208 - -2?
-3234206
In base 8, what is -64313 - -2?
-64311
In base 16, what is -25059 - 1?
-2505a
In base 2, what is 1001000100 + 10111010?
1011111110
In base 6, what is 1535 - -2?
1541
In base 2, what is -11001011111 + 10000001?
-10111011110
In base 11, what is 14159 - -3?
14161
In base 4, what is -12130321 - -10?
-12130311
In base 13, what is 21 + 406?
427
In base 15, what is -22 + -54c?
-56e
In base 15, what is -356 - -5?
-351
In base 15, what is 154b0 - -5?
154b5
In base 12, what is 8 - -18b?
197
In base 2, what is 11000101001011110 + -100?
11000101001011010
In base 9, what is 3276 - -5?
3282
In base 11, what is 4 - 265aa3?
-265a9a
In base 8, what is 77012 + 15?
77027
In base 10, what is 75 - 1593?
-1518
In base 9, what is 1 - -70776?
70777
In base 10, what is 11 + -84056?
-84045
In base 6, what is 121 + 413?
534
In base 14, what is -3baad - -5?
-3baa8
In base 11, what is 0 + -4869?
-4869
In base 3, what is 101022 + 21012?
122111
In base 11, what is 84180 + 4?
84184
In base 6, what is 110 - 4401?
-4251
In base 7, what is 414 + 414?
1131
In base 15, what is -43de + -4?
-43e3
In base 8, what is 421 + 33?
454
In base 9, what is 42520 - -11?
42531
In base 7, what is 33 + 151103?
151136
In base 15, what is -1026b + -5?
-10271
In base 10, what is 328197 + 0?
328197
In base 4, what is 1210313 - 111?
1210202
In base 10, what is 11451 - -35?
11486
In base 14, what is -7b - -316?
279
In base 12, what is -2 - -71b88?
71b86
In base 8, what is 1726511 + -11?
1726500
In base 12, what is 0 + -b0a9?
-b0a9
In base 4, what is 21310233 + 2?
21310301
In base 14, what is 6 + 3253?
3259
In base 4, what is -32 + 11001333?
11001301
In base 11, what is 12a7 + 42?
1339
In base 3, what is 2122122200 - 1011?
2122121112
In base 9, what is -22 - -1323?
1301
In base 5, what is 0 + -10122?
-10122
In base 13, what is -43 + 13c?
c9
In base 8, what is 10 - -166332?
166342
In base 15, what is -4 - 1b03e?
-1b043
In base 11, what is -2 - 239039?
-239040
In base 15, what is -3 + 150ac?
150a9
In base 9, what is -742 - 162?
-1014
In base 16, what is 5 + ec7?
ecc
In base 12, what is -89b8 + 20?
-8998
In base 4, what is 0 + 311233?
311233
In base 5, what is -3 - -231314121?
231314113
In base 16, what is 3ff8 - -c?
4004
In base 10, what is 4577 - -2?
4579
In base 7, what is 6 - 4665?
-4656
In base 11, what is -2aa0a + -5?
-2aa14
In base 13, what is 655 + 55?
6aa
In base 16, what is -d0d3 + -4?
-d0d7
In base 7, what is -2 + -45555?
-45560
In base 12, what is 1949a - -3?
194a1
In base 4, what is 32001 - -11202?
103203
In base 13, what is 7a9 + -9?
7a0
In base 8, what is 5 - -55367?
55374
In base 4, what is -13 + -200120?
-200133
In base 11